). Is (p/(-8))/((-4)/(-16)) composite?
False
Let x = 10 + -5. Suppose 3*g + 0*g = -x*c + 416, 0 = -3*g + 6. Suppose -2*l - c = -240. Is l a composite number?
False
Let n(k) = 5*k**2 - 2*k - 2. Let s(i) = -i**3 - i**2. Let h be s(1). Is n(h) composite?
True
Let i(f) = 8*f - 9. Let l be 5 - 2 - (6 + 0). Let v(n) = 16*n - 18. Let u(x) = l*v(x) + 7*i(x). Is u(7) prime?
True
Suppose 5*i - 4 = 6. Suppose -9 = -3*n, -w + i*w - 112 = -3*n. Is w a prime number?
True
Suppose 27*i = 29*i - 1010. Is i composite?
True
Suppose 988 = 3*o - 125. Is o composite?
True
Suppose 0 = n - 3*m - 1813, -5*m + 7188 = 4*n - m. Is n composite?
False
Let o be (6 + 0)*8/3. Suppose z - 82 + o = 0. Let h = z + -11. Is h a composite number?
True
Let j(r) = -6*r - 7. Let i(u) = -u**2 + 3*u - 3. Let f = 9 + -5. Let y be i(f). Is j(y) composite?
True
Let w = -5 - -9. Suppose -w*g + 561 = -g. Suppose a + 281 = 3*m - a, -g = -2*m + a. Is m composite?
True
Is -4*(-1 - 0) - -999 composite?
True
Let g = 275 - 160. Is g a prime number?
False
Suppose 2*h + g = 137, -3*g = 4*h - 155 - 118. Suppose 2*o - h = 17. Is o a composite number?
False
Let d = -4 + 5. Let m be 0/(0/1 + d). Suppose -2*y + m*y + 178 = 0. Is y a prime number?
True
Let l(y) = -3*y + 5*y**2 + 9 + y - 2*y + 2*y. Is l(-4) composite?
False
Suppose x + 4*k = 5*k + 11, -43 = -2*x - 5*k. Suppose r = u - 3*r + x, 20 = 5*r. Let p(g) = 16*g + 3. Is p(u) a composite number?
True
Let z be 1/(-3) + (-10)/6. Let r be 6*1/z - -20. Suppose -3*s + 246 - r = 4*v, 10 = -5*v. Is s a composite number?
False
Let h(f) = -2*f + 4*f**2 + 1 + 0 + f. Is h(2) a prime number?
False
Let z = -13 + 26. Is z a prime number?
True
Let s(j) be the third derivative of j**5/30 + 5*j**4/12 + j**3/6 + 4*j**2. Let r be s(-9). Suppose 4*d = 245 - r. Is d prime?
True
Let b = -7 - -9. Suppose -3*o + 5*o = b*d + 188, 3*d + 187 = 2*o. Is o a prime number?
False
Let f = 14 + -11. Suppose -127 = 5*c - 8*c - 4*a, -3*a = -f*c + 99. Is c a prime number?
True
Let j = 128 + -84. Is (5 - (0 + 2)) + j composite?
False
Suppose 25 = 5*f - 5*u, 0*f + 5*u = -f - 19. Let h(v) = 24*v**3 - v - v + 3*v + 22*v**3. Is h(f) a prime number?
True
Let f(h) = h**2 + 133. Is f(0) a composite number?
True
Let i(v) = -v**3 + 3*v**2 - 4*v - 1. Is i(-4) a composite number?
False
Suppose 2*g - 2 = -6. Is 155 + (1 + -3 - g) a composite number?
True
Suppose 21*u - 2230 = 16*u. Is u composite?
True
Suppose -2*d = -0*d - 2928. Suppose -333 = 3*i - d. Is i composite?
True
Let f be (6/4)/(3/8). Suppose -q - 3*m - 2*m = -306, 311 = q + f*m. Is q a composite number?
False
Let w(x) = 7*x**2 + 2*x - 1. Let b be 4/(-6)*6/2. Is w(b) a composite number?
False
Let v be 3 - 45*(-1 + 0). Suppose 3*q - 66 = 141. Let t = q - v. Is t a prime number?
False
Let n(y) = 25*y**3 - 2*y**2 - y. Let f(u) = -u**2 - 7*u + 10. Let l be f(-8). Let b be n(l). Let a = 317 - b. Is a prime?
True
Is ((-4)/(-6))/((-12)/(-1530)) a composite number?
True
Let d(p) = 5*p**3 + 2*p**2 + 2*p + 1. Let j be d(-1). Is (-486)/j - 7/14 composite?
True
Let z(x) = 2*x**3 + 19*x**2 + 6. Is z(-9) a composite number?
True
Let z be 90/25 + 2/5. Let f(a) = 41*a - 1. Is f(z) composite?
False
Let r = 7 - 3. Suppose 5*k = -r*u + 139, -12 - 25 = -u - 2*k. Is u a prime number?
True
Let t(j) = 85*j - 3. Let i be t(3). Let r = i + -64. Suppose -n - 3*n = -r. Is n prime?
True
Let j = 3038 - 2064. Is j prime?
False
Suppose 5*s = 2*q + 66, 2*s - q = s + 15. Suppose 4*i - s = 0, -u + 3*i - 9 = -4. Suppose -3*w = -y - 6, 3*y - w + 6 = u*w. Is y composite?
False
Suppose 3*u + 4*r + 20 = 0, 3*u + 2*u - 25 = 5*r. Suppose u = 15*v - 13*v - 314. Is v composite?
False
Let t be 0 - 210/(-3)*1. Let m = t + -29. Suppose -28 = -3*s + m. Is s composite?
False
Let z(m) = m**2 - m + 5. Is z(-10) composite?
True
Let u(k) = -k**2 - 5*k + 17. Let s be u(12). Let a = s - -335. Suppose h + 2*f - a = 65, -4*h + 4*f + 852 = 0. Is h a composite number?
True
Suppose c = -2*k + 653, -6*k + 2*k - 2576 = -4*c. Is c composite?
False
Let d = -13 + 18. Suppose 1 + d = w. Is w a prime number?
False
Suppose -206 = 4*c - 2*c - 2*z, -211 = 2*c + 3*z. Let o = c - -170. Suppose 0 = 4*q + 5*x - 103, -7 = -4*q + 5*x + o. Is q composite?
True
Let z(u) = -5*u**3 + 2*u**2 - 7*u - 3. Is z(-4) a composite number?
True
Suppose 5*d - 8473 = 2*a, 2*d + 2*d = 4*a + 6788. Is d a prime number?
True
Suppose 8 = 4*w, 3*f + 2*f + 2*w + 56 = 0. Suppose 0*c + 18 = q + 3*c, -12 = -4*c. Is (f/q)/(1/(-3)) a composite number?
True
Let b(d) = 2*d**2 - 3*d - 4. Let z be b(3). Suppose 2*i + 1347 = z*i. Is i composite?
False
Suppose 0 = 2*u - 4*n + 8, -2*n = 3*n - 10. Suppose u = -3*p + 7 - 1. Suppose p*h = -v + 52 - 14, -v - 4 = 0. Is h a prime number?
False
Let n(p) = 67*p. Let b = -4 - -5. Is n(b) composite?
False
Suppose -13*d + 9*d = -1996. Is d composite?
False
Let f(w) = 5 + 4 + 6*w**2 - w**3 + w**2 - 2 - 5*w. Let s(a) = 5*a**2 + 1. Let l be s(1). Is f(l) composite?
False
Let m = 3065 + 1099. Is m/72 + 2/12 composite?
True
Let w = -18 - -9. Let o be 3 - (-3)/w*0. Suppose o*x = 4*g - x - 24, -22 = -3*g - x. Is g composite?
False
Suppose y + 4*y - 340 = 0. Let v be -1 - 3/((-6)/y). Let s = v - 14. Is s composite?
False
Let y = -1 + 1. Suppose -6 = -y*k - 3*k. Suppose -3*h = k*h - 45. Is h prime?
False
Let o = -1 + 0. Let i be (-5)/(o - (1 - 1)). Suppose i*q + 0*z - 100 = -5*z, -2*z + 63 = 3*q. Is q composite?
False
Let f = 4 - 2. Suppose -2*d = -f - 0. Is 1/(d - 3)*-38 prime?
True
Let i be (1 - 0)/((-8)/(-64)). Suppose -4*l = -2*y - 44, i*l = 4*l - 2*y + 60. Is l prime?
True
Let p = 910 - 419. Is p prime?
True
Is (-10)/(-4)*(7 + (-10293)/(-15)) prime?
True
Is ((-16)/12 - -1)*-159 prime?
True
Let y(h) = -h**3 + 4*h**2 + 2. Let v be y(4). Suppose 4*z + v*a + 8 = 138, -2*a = z - 37. Is z prime?
True
Let h be 5890/(-35) + 2/7. Let o = h + 329. Is o prime?
False
Let m(d) = -48*d - 2. Let s be m(-2). Suppose -u - 25 + s = 0. Let z = 120 - u. Is z prime?
False
Let b(a) = a**2 - 8*a + 2. Let t be b(8). Suppose m + t*m - 339 = 0. Is m prime?
True
Suppose 0 = 4*j - 2*j - 174. Let p be 104/(-6)*-1*3. Let v = j - p. Is v composite?
True
Let z(w) = 20*w**3 - 4*w**2 + 24*w - 9. Let j(k) = 7*k**3 - k**2 + 8*k - 3. Let o(s) = -17*j(s) + 6*z(s). Let x be o(6). Let d = x + 14. Is d a prime number?
True
Let r(b) be the first derivative of -b**2/2 + 38*b - 4. Is r(0) a composite number?
True
Suppose 4*w - 7 = 5. Let q be (2*w)/2*-1. Is (-329)/(-3) + 2/q prime?
True
Let z(c) = -c**2 + 5*c - 3. Let j be z(3). Suppose -43 = -j*b - 13. Is b/(-15)*1758/(-4) a composite number?
False
Suppose 37 = o - 36. Suppose -4*g + o = -139. Is g composite?
False
Is (-12)/30 + (-894)/(-10) prime?
True
Let w = -3 - -2. Let g = 1 - -3. Is g*w/(-4)*3 a prime number?
True
Is 6/(-9) + 1473/9 a prime number?
True
Is 2*(3 - 3 - -1) + 1080 a prime number?
False
Let a(l) = -l**3 - 9*l**2 - 8*l - 1. Let g be a(-8). Let v be 1/((-3)/(-3)) - g. Suppose 5*x + 5*f = x + 8, 6 = 2*x + v*f. Is x a prime number?
True
Let r = 5 + -2. Suppose 2*n = 223 - 75. Suppose -r*h + h + n = 0. Is h a prime number?
True
Let c(q) be the first derivative of 2 + q - 9/2*q**2. Is c(-4) composite?
False
Is 136/32*4*29 a composite number?
True
Suppose 0 = -3*n + 4826 + 163. Is n a prime number?
True
Suppose 121 + 1478 = 3*l. Is l a composite number?
True
Suppose -t = -m - 382, -7*t + 2*t + 1883 = 4*m. Is t a composite number?
False
Let p(s) = -s - 2. Let w be p(-5). Suppose 2*g + w*g - 190 = 0. Is g prime?
False
Let j(n) = -4*n**2 - 8*n + 15. Let l be j(-11). Let v = l + 542. Is v a composite number?
True
Let a be 7592 + 1 + (-3)/1. Let r = 4800 - a. Is 4/22 + r/(-22) a prime number?
True
Let m(q) = -23*q - 6. Let i be m(-7). Suppose 3*t + 26 - i = 0. Is t a prime number?
True
Is (14/(-8) - -1)/((-12)/2544) prime?
False
Suppose 0 = -2*b - 6, d - 33 = -0*d + 5*b. Let n be 1/(-2) + d/(-12). Let v = 51 + n. Is v a prime number?
False
Suppose 4*s + 3 = 11. Suppose 0*x - s*x = -266. Is x a composite number?
True
Let c(j) = j. Let o(h) = -h + 4. Let n be o(2). Let k be c(n). Let f = 17 - k. Is f prime?
False
Let c be 12/54 + 52/9. Suppose y = k + c*y + 3, k + y - 1 = 0. Let u = 1 + k. Is u a composite number?
False
Let n be ((-220)/15)/((-2)/30). Let i = 987 - n. Is i composite?
True
Let 